rs of z?
5, 43
Let j = -24 - -24. Let v = j + 121. List the prime factors of v.
11
Let h = 1069 + 104. List the prime factors of h.
3, 17, 23
Suppose 2*p - 1 = 17. Suppose -3*q = -d - p, -2*q - 3*d = -2 - 15. Suppose -2*m = -q*m + 36. List the prime factors of m.
2, 3
Suppose -49 = 2*p + 4*w + 3, 0 = 3*p - 3*w + 96. Let j = p + 91. List the prime factors of j.
61
Let j(t) = 5*t**2 - 12*t - 30. List the prime factors of j(-5).
5, 31
Let b = -3 - -19. Suppose -98 = -4*n + 5*k, -5 - 45 = -2*n + 3*k. Let t = n - b. List the prime factors of t.
2, 3
Let w be (-9)/(-11) + (-16)/(-88). Suppose 0 = b + 3*m, 2*b - 3*m - w = -10. What are the prime factors of (0 - 2) + (-81)/b?
5
Let x(l) = -l**2 - 13*l. Suppose -6*u + 7 = -5*u. Let z(j) = -j**2 + 6*j - 2. Let f be z(u). List the prime factors of x(f).
2, 3
Let k(l) = l - 1. Let d(t) = -3*t + 2. Let b(c) = -d(c) - 4*k(c). Let u be b(-12). Let s = u - -51. What are the prime factors of s?
5, 13
Let x = 71 + -68. Let v be ((-9)/6)/((-2)/4). Suppose x*f = 9 - v. What are the prime factors of f?
2
Suppose -5*m + l + 24411 = 0, 0 = -79*m + 82*m + 5*l - 14669. What are the prime factors of m?
19, 257
Let h(m) = 65*m + 1. Let z be h(1). Let g = z + -52. What are the prime factors of g?
2, 7
Suppose -3*t - 93 - 72 = 0. Let v = -38 - t. What are the prime factors of v?
17
Suppose 438 = 113*g - 107*g. List the prime factors of g.
73
Let y be (24/(-72))/(1/9). List the prime factors of (-70 - 2)*2/y.
2, 3
Let s = -6 - -10. Suppose 0 = -3*k + 2*l + l - 3, s*k = -5*l + 41. List the prime factors of k.
2
Suppose j + 11*j + 84 = 0. Let u(d) = 3*d**2 + 11*d + 36. List the prime factors of u(j).
2, 53
Let s = 1 + 3. Suppose s*j - 495 = -5*w, 2*w - 3*w - 5*j = -78. Suppose -5*i = g - 115, -2*i - w = -6*i - 3*g. What are the prime factors of i?
2, 11
Let s = 800 - -1168. List the prime factors of s.
2, 3, 41
What are the prime factors of 596*((46/4 - 5) + -5)?
2, 3, 149
List the prime factors of 1295 - (0 + -10) - 0.
3, 5, 29
Suppose 3*q + 0*q = h - 82, 0 = 3*q. What are the prime factors of h?
2, 41
Let m(c) = 5*c - 30. What are the prime factors of m(11)?
5
Suppose -3*k + 2*j + 25 = 0, 4*k - 6*k = 2*j. Suppose 0 = 3*c + k*c - 1496. What are the prime factors of c?
11, 17
What are the prime factors of (-3 - -2) + (4 - 367)/(-3)?
2, 3, 5
What are the prime factors of -2 - (-33)/22*(-246)/(-1)?
367
Let l = -3582 + 8530. What are the prime factors of l?
2, 1237
Suppose -c = -4*c + 6. Let h(b) = -b**2 + 16*b + 9. Let o be h(16). Suppose -k - o = -c*k. List the prime factors of k.
3
Let i be (-52)/(-16) + 1/(-4). Suppose 5*c - i*c = 10. Suppose -c*k + 159 = 2*n, 2*k - 63 + 3 = n. List the prime factors of k.
31
Suppose 4*p + 5*c = -631, 2*p - 5*c - 54 + 347 = 0. Suppose 220 = -2*i - z, -5*i - 4*z + 2*z - 549 = 0. Let r = i - p. What are the prime factors of r?
3, 5
Let l be (-38)/(-9) + (-22)/99. Let m(x) = 4*x + 11. Let b(d) = -1. Let c(t) = l*b(t) - m(t). What are the prime factors of c(-10)?
5
Let v = -61 - -154. Let k(n) = 16*n**3 + 2*n**2 + 3*n - 6. Let z be k(2). Let p = z - v. What are the prime factors of p?
43
Let f be (16/5)/((-16)/(-40)). Suppose 0 = -v - f + 74. List the prime factors of v.
2, 3, 11
Let j = 13 - 7. Let t = 15 - j. Let r = 11 - t. What are the prime factors of r?
2
Suppose -16*p = -20*p + 5*h + 2923, 0 = -5*h + 5. What are the prime factors of p?
2, 3, 61
Suppose -a + 16 = -3*a. Let p(m) be the first derivative of m**4/4 + 3*m**3 + m**2/2 - 7*m + 110. List the prime factors of p(a).
7
Suppose -5*n = -z - z - 30, 2*z + 2 = -2*n. Suppose n*t = 3*t + 4. What are the prime factors of 212/6*6/t?
53
Suppose w + 2*c - 531 = 0, 0*c - 15 = 3*c. What are the prime factors of w?
541
What are the prime factors of (-26)/(-91) + 4362/21?
2, 13
Let y(j) = 3*j + 30. Let l(p) = 1. Let r(d) = -6*l(d) - y(d). Let z(n) = 4*n + 54. Let c(h) = 8*r(h) + 5*z(h). List the prime factors of c(-12).
2, 3, 5
Let a(p) = p**3 + 5*p**2 - p. Let y be a(-5). Suppose -17*l - 12*l + 58 = 0. Suppose -y*w + 3 + 3 = 2*g, 0 = 5*g + l*w - 57. What are the prime factors of g?
13
Let a(g) = -g**3 + 8*g**2 - 3*g - 5. Let p be a(5). Suppose -2*o - 3*s = -p, -s + 44 = o - 5*s. List the prime factors of o.
2
Let g = -105 - -173. Suppose -46 = -3*s + 4*v, 4*s - 2 = v + g. List the prime factors of s.
2, 3
List the prime factors of (1235/(-39))/(2/(-12)).
2, 5, 19
Suppose y = -4*o + 4 - 13, 2*o - 5*y + 21 = 0. Let f be (-33)/22*16/o. Suppose 0 = 4*u - 5*n - 16, -5*u + 28 = 3*n + f. List the prime factors of u.
2
Let z(d) = -d**2 - d. Let s(h) = -6*h**2 - 7*h - 7. Let r(w) = -s(w) + z(w). List the prime factors of r(-3).
2, 17
Suppose 5*p - 371 = 329. Suppose p = 47*u - 42*u. What are the prime factors of u?
2, 7
Let u = -59 + 493. List the prime factors of u.
2, 7, 31
Suppose 0 = -4*x + q + 406, 5*q + 31 = 2*x - 181. Let p = x + -71. List the prime factors of p.
2, 3, 5
Let b(o) = -59*o + 473. What are the prime factors of b(6)?
7, 17
Let s(v) = -62*v - 48. What are the prime factors of s(-8)?
2, 7
Suppose -2*l + 3*s = -0*s - 2200, -3*l + 3338 = 5*s. What are the prime factors of l?
2, 7, 79
List the prime factors of (-4 - 12) + 8 + 3583.
5, 11, 13
Suppose 0*j - j + 11 = 2*b, j = 2*b - 1. Suppose -13 = b*x + 4*y, 0 = 2*x + 4*y - 2*y + 8. Let l = 3 - x. List the prime factors of l.
2, 3
Suppose -x - 955 = 4*x. Let y = x - -284. What are the prime factors of y?
3, 31
What are the prime factors of (9492/42)/(4/10)?
5, 113
Suppose a - 8 = -p, 0 = -p + 2*a - 3 - 4. What are the prime factors of (p/12)/((-6)/(-2616))?
109
Let i = -37 + 36. List the prime factors of 2 - i/2*122.
3, 7
Let p(l) = 8*l**3 - 7*l**2 + 2*l + 11. List the prime factors of p(4).
419
Let r be (5 - -2)*6/7. Let f = 38 + r. What are the prime factors of f + 1 - 4/1?
41
Suppose -27166 = -4*t - 3*x - 4003, -x = -5. List the prime factors of t.
3, 643
Let s(x) = -x**2 + 3*x + 5. Let p be s(4). What are the prime factors of 2/(-4)*p + 4356/72?
2, 3, 5
Suppose 2*k = -3*k + 4270. List the prime factors of k/(-7)*(-2)/4.
61
Suppose 3*s - 3*y = 3501, -s - 52*y + 47*y = -1149. List the prime factors of s.
2, 3, 97
Suppose -5*s - y = 2*y - 852, 344 = 2*s + 2*y. Suppose -s = -4*z - 0*z. What are the prime factors of z?
2, 3, 7
Let f = -16 - -16. Suppose 13 = 5*b - 3*t, t = -4*b - f*b + 24. Suppose 3*j + b*a - 60 = 0, j - 2 = a + 26. What are the prime factors of j?
5
Let f(z) = z**3 - 2*z + 1. Let x be f(2). Let b = -15 + 13. Let s = x - b. What are the prime factors of s?
7
Let g(f) = -5 + 4 + 1 + 38*f**2. What are the prime factors of g(-1)?
2, 19
Suppose -4*g + 9 = -7. Suppose g*v - 9*v = -340. List the prime factors of v.
2, 17
Let d be (-2)/(-6)*72/3. Let w(i) = i**3 - 9*i**2 + 5 - 47*i + 55*i + 2. What are the prime factors of w(d)?
7
Suppose -2*w = 4 + 4. Let q be (27/3)/((-6)/w). Let x = q + 1. What are the prime factors of x?
7
Let v = -26 + 42. Let u = v - -55. List the prime factors of u.
71
Suppose 4*v = -5*z + 15411, -v + 2518 = 2*z - 3644. What are the prime factors of z?
3079
List the prime factors of -7*((-49488)/28)/6.
2, 1031
Suppose 4*p - 3*r - 386 = 819, r = 3*p - 910. What are the prime factors of p?
5, 61
Let t(f) = -4*f**3 + 10*f**2 + 6*f + 2. Let d(o) = o**3 - o**2 - o. Let b(j) = -5*d(j) - t(j). What are the prime factors of b(-5)?
3
Suppose 41080 = 43*j - 17*j. List the prime factors of j.
2, 5, 79
Let i = 3592 - 2195. List the prime factors of i.
11, 127
List the prime factors of -1*(1 - (-5 + 7)) + 291.
2, 73
Suppose -p - m = -1172, -p - 13*m + 1177 = -11*m. List the prime factors of p.
3, 389
What are the prime factors of (-3157)/11*(1 + -4)?
3, 7, 41
Suppose -5*r + 26 = 3*q, q = 3*r - q - 27. Suppose -4*z - r*z = -1243. What are the prime factors of z?
113
Suppose -5*w - 4*c - 1486 + 6980 = 0, -3*w + 3*c = -3291. What are the prime factors of w?
2, 3, 61
Let s = -10 - -7. Let u = -17 - -13. What are the prime factors of 355/(-15)*s + u?
67
Suppose -f - 9*f + 1500 = 0. Let x = f - 43. List the prime factors of x.
107
Suppose -v + 5*v + 641 = 3*w, 5*w - 3*v = 1083. List the prime factors of w.
3, 73
Let o be -3 - (-3 - -4)*1. Let m be 146*-2 - -5 - 3. What are the prime factors of (-68)/(-85)*m/o?
2, 29
Suppose 5*b = 4461 + 129. What are the prime factors of b